 and 7365?
1
What is the greatest common divisor of 1152 and 11587176?
72
Calculate the highest common factor of 590058 and 1557432.
4014
Calculate the highest common divisor of 1339 and 316342.
13
What is the highest common factor of 10555566 and 28?
14
Calculate the highest common divisor of 2733 and 29451.
3
Calculate the greatest common factor of 3384282 and 14718.
66
Calculate the highest common factor of 441719 and 279.
31
Calculate the greatest common factor of 62515109 and 16612.
4153
Calculate the highest common factor of 18311615 and 2030.
1015
Calculate the greatest common divisor of 174 and 25266511.
29
Calculate the greatest common divisor of 97324 and 1408240.
116
Calculate the highest common divisor of 1402 and 64368.
2
Calculate the highest common divisor of 166307 and 20843.
19
Calculate the highest common divisor of 30377310 and 20910.
1230
Calculate the highest common factor of 27693 and 6981713.
3077
What is the highest common divisor of 18 and 599024502?
18
What is the highest common factor of 2400 and 64093260?
60
What is the greatest common factor of 2730048 and 6989?
241
Calculate the highest common factor of 33559358 and 182.
14
Calculate the highest common factor of 268 and 100674602.
134
Calculate the greatest common factor of 45856 and 14712611.
1433
What is the highest common factor of 12245933 and 49?
49
What is the highest common factor of 10 and 260005?
5
What is the highest common factor of 1426 and 113993014?
1426
What is the greatest common divisor of 6936 and 158003814?
1734
Calculate the highest common divisor of 677358 and 2556.
18
What is the highest common divisor of 2881257 and 3?
3
What is the highest common divisor of 942 and 152484?
6
Calculate the greatest common divisor of 82 and 38643320.
82
Calculate the highest common factor of 16093699 and 204822.
3793
What is the highest common divisor of 2918475 and 264543?
327
Calculate the greatest common factor of 566 and 1324196054.
566
What is the greatest common divisor of 6253047 and 18?
9
Calculate the highest common factor of 16366 and 165032.
98
What is the highest common divisor of 31360 and 451780?
980
What is the greatest common divisor of 589092 and 37233?
21
Calculate the greatest common divisor of 1479 and 13002266.
29
Calculate the highest common divisor of 103573792 and 476.
476
What is the greatest common factor of 54 and 9726084?
18
Calculate the highest common divisor of 134 and 8310412.
134
What is the greatest common factor of 605 and 143976745?
55
Calculate the greatest common divisor of 2284800 and 16960.
320
What is the greatest common factor of 311095308 and 612?
204
Calculate the greatest common factor of 12975 and 1875.
75
Calculate the greatest common divisor of 126 and 189747782.
14
What is the greatest common divisor of 46874 and 495604?
46
What is the greatest common divisor of 621416 and 94112?
1384
Calculate the highest common factor of 9676 and 451644233.
2419
Calculate the greatest common factor of 1152 and 3826.
2
What is the greatest common factor of 260 and 2621490?
10
What is the greatest common divisor of 281850 and 162424518?
11274
What is the greatest common factor of 553 and 23329411?
553
What is the greatest common factor of 864 and 176096?
32
What is the highest common factor of 4851 and 3698793?
63
Calculate the greatest common divisor of 66119652 and 372.
372
What is the greatest common divisor of 13596 and 321024?
132
Calculate the greatest common factor of 156128 and 189882.
14
What is the greatest common factor of 21239084 and 13089?
4363
Calculate the highest common factor of 12782108 and 6328.
452
Calculate the greatest common factor of 1796060040 and 120.
120
What is the greatest common factor of 6637147 and 88?
11
Calculate the greatest common factor of 928171 and 533882.
2449
Calculate the greatest common factor of 136878138 and 173205.
11547
What is the highest common divisor of 24 and 243577968?
24
Calculate the highest common factor of 19082880 and 1779840.
5760
What is the greatest common divisor of 111 and 852593331?
111
Calculate the greatest common factor of 2762 and 76073766.
2762
Calculate the highest common divisor of 160 and 12456848.
16
What is the highest common factor of 27720694 and 2679?
47
Calculate the highest common factor of 11160378 and 41950.
1678
What is the highest common factor of 21153 and 30319941?
1923
Calculate the greatest common divisor of 482611 and 1312.
41
What is the highest common divisor of 3780 and 217060620?
420
What is the greatest common factor of 443071 and 221?
17
What is the greatest common factor of 39 and 77803232?
13
What is the greatest common divisor of 7408421 and 844?
211
What is the highest common factor of 6570 and 6281491590?
6570
Calculate the highest common divisor of 3660 and 76609290.
1830
What is the greatest common factor of 4670464 and 7168?
1024
What is the greatest common factor of 850 and 13305475?
425
Calculate the greatest common divisor of 241486 and 34874.
658
Calculate the greatest common factor of 15807784 and 58.
58
What is the highest common factor of 8029 and 314216?
217
Calculate the highest common factor of 106692 and 266492.
68
What is the greatest common divisor of 419809 and 5031?
559
Calculate the greatest common divisor of 160899850 and 50.
50
What is the greatest common divisor of 55921830 and 6894?
2298
What is the greatest common divisor of 1809432361 and 3058?
1529
What is the greatest common divisor of 3479344 and 86536?
2984
Calculate the highest common factor of 178772 and 51612.
748
Calculate the highest common factor of 29348 and 7011136.
1012
What is the greatest common factor of 7410 and 7599810?
570
What is the highest common factor of 596 and 57364?
4
What is the greatest common factor of 323 and 41619451?
17
What is the highest common factor of 12544 and 2337904?
16
Calculate the highest common divisor of 3063662 and 56.
14
What is the highest common divisor of 76419 and 4977?
63
Calculate the highest common factor of 1383 and 494989069.
461
What is the greatest common factor of 2 and 2522501?
1
What is the greatest common divisor of 1312426 and 1236?
206
Calculate the greatest common divisor of 14 and 166622953.
7
Calculate the highest common divisor of 678 and 171930.
6
Calculate the highest common factor of 430 and 172175655.
215
Calculate the greatest common factor of 160 and 106960.
80
Calculate the greatest common factor of 71 and 2034938597.
71
Calculate the highest common factor of 4665 and 99000.
15
What is the greatest common factor of 99 and 318932273?
11
Calculate the greatest common factor of 1871 and 133546367.
1871
Calculate the greatest common factor of 125252974 and 1122.
374
Calculate the greatest common factor of 164724 and 682724.
1036
Calculate the highest common factor of 2 and 669017.
1
Calculate the greatest common divisor of 750798837 and 18.
9
Calculate the highest common factor of 98 and 15994762.
14
What is the highest common factor of 4693190 and 1052980?
3230
Calculate the highest common divisor of 36 and 26448111.
9
What is the greatest common divisor of 2357175 and 318?
159
Calculate the greatest common divisor of 98 and 236831462.
14
What is the greatest common factor of 12 and 161314476?
12
Calculate the highest common factor of 22905030 and 1644.
822
What is the highest common factor of 42502 and 6701866?
538
What is the greatest common divisor of 2535 and 1307553?
507
Calculate the greatest common factor of 39930 and 26136.
726
What is the highest common divisor of 5859 and 1328859?
189
What is the greatest common factor of 2141856 and 5963?
67
Calculate the greatest common divisor of 5 and 89465519.
1
What is the greatest common divisor of 122491 and 330691?
347
Calculate the greatest common factor of 2850 and 548115.
15
Calculate the highest common divisor of 26187436 and 20878.
1606
What is the highest common factor of 8162261 and 238?
17
What is the highest common factor of 74486513 and 134?
67
What is the highest common divisor of 9564984 and 99?
99
Calculate the highest common factor of 15216347 and 733.
733
What is the highest common divisor of 59085 and 351?
117
Calculate the highest common divisor of 3415239 and 4743.
279
What is the greatest common divisor of 6